 43, 4*a = -28. Determine d(k).
5
Suppose -120 = 13*a - 19*a. Let n(s) = 7*s + a - 22 + 3*s. What is n(2)?
18
Let k = -271 + 273. Suppose 0 = -2*i + k*r + 4, -r - 3 = -4*i - 4. Let j(u) be the third derivative of u**4/6 - u**2. What is j(i)?
-4
Suppose 33 = 4*t - 5*m, 0 = -m - 4*m - 25. Let n(o) = -2*o + 20 - 11 + 9*o - 12. Determine n(t).
11
Let x(f) be the third derivative of -f**6/120 - 2*f**5/15 + 4*f**3/3 - 12*f**2 - 22*f. Suppose 0*z + 14 = -2*p + 2*z, 2*z = -5*p - 42. What is x(p)?
8
Let c(q) = 3*q + 1. Let t be c(-1). Let x(p) be the third derivative of p**6/120 + p**5/30 + p**4/24 - p**3/3 - 2686*p**2. What is x(t)?
-4
Let w be 1318/18 + (-16)/(-9) + -2. Let j = w - 60. Suppose -8 = -g - j. Let y(n) = -4*n - 2. Give y(g).
18
Let n(t) = -305*t + 2. Let z be n(-2). Let u(d) = 612*d + 4 - 4*d**2 - z*d + d**3. Let o be 238/51 + 2/(-3). Give u(o).
4
Suppose 5*a = -5*h - 70, -4*a - 2 = -h + 4. Let s(y) = -2*y + 1. Let b(d) = 4*d + 56. Let g(r) = b(r) - s(r). Let v be g(h). Let f(w) = -w - 11. Determine f(v).
-6
Let o(g) be the second derivative of g**5/20 + g**4/2 + g**3/6 - 3*g**2/2 - 240*g. Suppose -4*t + 1 = -3*t - 3*y, 3*t + 2*y = -19. Determine o(t).
17
Let y be (0/(-3))/(((-2)/(-8))/(6/(-24))). Let p(j) = 8*j + 0*j + 2*j - 11*j - 23. Give p(y).
-23
Let l(b) = b**2 - 6*b - 9. Let a be (5/((-50)/168))/(6/(-75)). Let n be (9/5)/(21/a). Suppose -y - 11 + n = 0. Calculate l(y).
-2
Suppose -4*c = -3*x - 6*c + 1141, 3*c = -3. Suppose 0 = 6*o - x + 399. Let q(b) = -2*b**2 + 2*b - 1. Give q(o).
-25
Suppose -3*a = 15*a - 108. Let s(o) = 4 + 836*o - a - 837*o. Determine s(7).
-9
Let r(c) = -12*c**3 + 29*c**2 - 10*c + 56. Let t(a) = 7*a**3 - 15*a**2 + 4*a - 28. Let f(z) = -4*r(z) - 7*t(z). What is f(-12)?
-28
Let m(r) be the second derivative of -1/2*r**2 + 1/3*r**3 - 4*r + 0 + 1/12*r**4. Suppose -1 = -2*t + 3*c, 4*t + 5*c + 36 = 5. Determine m(t).
7
Let g(j) = -j**2 + 9*j - 3. Let n(x) = -2*x**2 - 28*x + 32. Let u be n(-15). Suppose -5*m + 2*c = -43, m - u*c + 9 = -6*c. What is g(m)?
11
Suppose 0 = 8*i - 15*i - 35. Let j(a) = -6*a**2 - a + 2. Let v(o) = -7*o**2 - o + 1. Let f(x) = -6*j(x) + 5*v(x). Determine f(i).
13
Let k(f) be the second derivative of f**3/3 + 3*f**2 + 140*f. Let l(r) = 3. Let t(v) = 2*k(v) - 5*l(v). What is t(2)?
5
Let v(f) = 2*f + 1. Let q(k) = 2*k - 1. Let z be (16/40)/(8/20). Let a(y) = z*q(y) - 3*v(y). Determine a(-7).
24
Let w(g) = -83*g + 33. Let j be w(1). Let x = 92 - 141. Let k = j - x. Let z(u) = 6*u**3 + 2*u**2 - 1. Calculate z(k).
-5
Let p(j) = -2*j - j - 135 + 288 - 142. Calculate p(-5).
26
Suppose 5*o - 7 = 13. Suppose 8*q - 7*q - 3 = 3*k, 4*q + 4*k = -o. Let z(f) be the third derivative of -f**4/24 + 7*f**3/3 - 2*f**2. Determine z(q).
14
Let j(q) = -q - 1. Let w be j(-9). Let t(x) = 3*x + 0*x - w + 5*x - x**2. Let a be 3/(-3)*-8 - 3/3. Calculate t(a).
-1
Let g(v) = -v**3 + 3*v. Let l = -550 + -151. Let n = l - -703. Give g(n).
-2
Suppose w = 3*w + 18. Let h(a) = -9 + a**3 + 5 + 5904*a**2 + 8*a + 5902*a**2 - 11796*a**2. Give h(w).
5
Let i(f) be the third derivative of f**5/60 + f**4/24 + f**3/6 - 81*f**2. Let j(y) = 2*y**2 - 7*y + 4. Let z(x) = i(x) - j(x). What is z(5)?
12
Let c(p) be the third derivative of -41*p**4/24 + 17*p**3/6 - 23*p**2 + 68. Determine c(2).
-65
Let d(c) = c + 22. Let g be d(-18). Suppose 2*s + g = -2*s. Let v(o) be the second derivative of 2*o**3/3 + o**2/2 + 3*o. Calculate v(s).
-3
Let g(a) = -26*a + 21. Let j(n) = 6*n - 2. Let p(t) = 4*g(t) + 19*j(t). Determine p(-14).
-94
Let a(c) = -2*c**2 + 34 + 38 - 143 - 15*c + 35 + 30. Let j(x) = -3*x**2 - 3*x. Let p be j(-2). What is a(p)?
12
Let g(l) = l**2 - 15*l - 35. Let h be ((-9)/5)/(((-2256)/(-160))/(-47)) - 9. Give g(h).
19
Let r(d) = 13*d**3 - 97*d**2 - 9*d**3 + 6*d - 3*d**3 - 6 + 94*d**2. Give r(2).
2
Suppose 0 = 5*i + 15, 4*i - 2*i = -3*r + 9. Suppose -5 + 21 = -2*h - 2*g, 28 = -r*h - 2*g. Let j be 0/(h/(-1 - -5)). Let z(u) = u**2 - u - 9. Determine z(j).
-9
Let u be ((-981)/545)/(1/(-5)). Let q(t) = 3*t + 2. What is q(u)?
29
Let d be 30/705 - (-2224)/752. Let o(q) be the second derivative of -11*q - 1/2*q**2 + 0 + 3*q**d. Determine o(-1).
-19
Let f = 98 + -106. Let r = -20 + f. Let m = 25 + r. Let y(q) = -q**2 - q + 3. Determine y(m).
-3
Let d(p) = 2*p + 6. Let g(c) = -2*c - 5. Let x(l) = -5*d(l) - 6*g(l). Suppose h = -76 + 72. Determine x(h).
-8
Let p(j) = -2*j**2 + 31*j + 58. Let h = -2869 - -2886. Determine p(h).
7
Suppose 2*l - 4*m = 26, m = 4*m - 3. Suppose -2*v + 52 = -l*v. Let d(j) be the third derivative of j**5/60 + j**4/6 + j**3/2 - 2*j**2. Determine d(v).
3
Let p(z) = -4*z**2 + 30*z + 12. Let l(h) = -h**2 + 5*h + 1. Let d(y) = 5*l(y) - p(y). Determine d(-4).
-3
Let s(h) = -4*h**2 + 7 - 11 + 5. Let n be 1/(8 - 78/10) + -3. Give s(n).
-15
Let p(v) = 8*v**2 + 47*v. Let l = -1735 - -1729. Let u be p(l). Let s(c) = 0*c**2 + c**3 - 5*c**2 - 5*c - 2 - 6. Determine s(u).
-2
Let i(m) = -m**2 - m - 9. Let l(w) = 37*w - 32. Let y be l(1). Suppose -y*v + v = -2*v. Determine i(v).
-9
Let q(n) = -45*n - 3 + 35*n**2 + 9 - 5 + 46*n. Suppose 2*j + j + 3 = 0. Calculate q(j).
35
Let x = 422 - 416. Suppose 9*v + w - 2 = 8*v, -3*w - x = 0. Let b(h) = -2*h**2 + 8*h - 3. Determine b(v).
-3
Let u be 12/21 + 2616/763. Let d(i) = i**3 - 6*i**2 + 10*i - 6. Give d(u).
2
Let p(y) = -6*y - 1. Let v = -196 + 199. Suppose -7 + 6 = -i + 2*a, 4*a + 7 = -v*i. What is p(i)?
5
Let f(n) be the second derivative of -n**5/20 - n**4/4 + 7*n**3/2 + 11*n**2 - 1756*n. Give f(-6).
4
Let w(o) = 39*o + 16. Let g(j) = 14*j + 7. Let l(x) = 11*g(x) - 4*w(x). Give l(12).
-11
Suppose 10*d - 16*d + 48 = 0. Let x(n) = 2*n - 4 - n**3 - 9*n + 9 + d*n**2. Calculate x(7).
5
Suppose -k = 3*k - 208. Let i be 44/(-6)*(124 + -118). Let l = i + k. Let o(q) = q**2 - 8*q - 3. Calculate o(l).
-3
Let r(z) be the second derivative of 7*z**3/6 - z**2 - 2*z + 42. Let t be 7 - (-4)/6*-3. Let m be (-1)/t*-2*5. Give r(m).
12
Let c(v) = 26*v**2 - v - 4. Let s(b) = 27*b**2 - b - 3. Let w(r) = -3*c(r) + 4*s(r). Let x = 24247 - 24248. Determine w(x).
31
Let o(f) = -f**3 + 12*f**2 + 11*f + 50. Suppose 66 = 4*k - 2*y, -3*k - 2017 + 2049 = y. Give o(k).
24
Let t = -216 - -218. Let i(q) = 0 + 2*q - 10 + 2 + t + 2. Determine i(-5).
-14
Let c(x) be the second derivative of 17*x - 1/3*x**3 + 0*x**2 + 2. Determine c(-1).
2
Let a(v) be the first derivative of v**3/3 + 16*v**2 - 67*v - 1658. Determine a(-35).
38
Let f(b) = 22*b - 122. Let h be f(-16). Let o = h - -469. Let j(i) = -i + 3*i - 3*i + 4 - i**2. Calculate j(o).
-16
Let x(l) = -3*l**2 + 44*l**3 - 11*l - 43*l**3 + l**2 - 2 - 2 + 0*l**2. Determine x(-3).
-16
Let p(o) = -2*o**2 - 17*o + 3. Let m be p(-8). Suppose 86 = 3*t - u + m, 2*t - 50 = 3*u. Suppose 9*q = t + 11. Let z(w) = -w - 1. Give z(q).
-5
Suppose -3*i - 4*f + 12 = -5*i, f = 2*i. Suppose 9*t = i*t. Let n(v) = -2*v. What is n(t)?
0
Let w(j) = 5*j**3 - 12*j**2 - 4*j - 6. Let i(h) = -28*h**3 + 60*h**2 + 18*h + 29. Let g(q) = -2*i(q) - 11*w(q). Give g(-11).
41
Suppose 2*m = 2*b + 8, 3*m = -2*b + m + 4. Let r be 36/8*2*(-32)/(-12). Let x(g) = -g + 0*g**2 + 5*g**2 + 24 - r. What is x(b)?
6
Let h(m) be the third derivative of -m**4/24 - 11*m**3/6 + 1289*m**2. Calculate h(-13).
2
Let c(i) = i**2 + 10*i + 6. Let a = 41 + -27. Suppose 3*z - 24*g = -19*g - 79, 4*z + 57 = -3*g. Let p = z + a. What is c(p)?
-18
Let i(z) be the first derivative of 2*z**3/3 - z**2 + 2*z - 1236. Let l = -9 + 12. What is i(l)?
14
Let y(d) = -d**2 + 11*d - 3. Suppose -48 = 16*c - 19*c. Let q be 5 + (c + -5 - 6). What is y(q)?
7
Let x(u) = 20*u**2 - 44*u + 3. Let d be x(2). Let c(q) = q. Give c(d).
-5
Suppose 18755*a - 18658*a + 582 = 0. Let k(g) = -g**3 - 5*g**2 + 4*g + 0*g + 2*g. Calculate k(a).
0
Let k be (217 - 218)/((-2)/40). Let x(g) be the third derivative of 0*g + 0*g**5 - 7/120*g**6 - 1/24*g**4 - k*g**2 + 0 + 1/6*g**3. Give x(1).
-7
Let k(z) = -43*z - 43. Let n(l) = -15*l - 14. Let x(w) = 4*k(w) - 11*n(w). What is x(-9)?
45
Let o = -3611 - -3600. Let i(c) = 2*c**2 + 25*c + 21. Give i(o).
-12
Let n = -5917 - -5892. Suppose -15 = 5*s, 0*f + 2*f = s - 37. Let h = f - n. Let a(g) = -g**2 + 5*g + 6. What is a(h)?
6
Let k(x) = 4*x**2 - 5*x**3 - 120071 + 120077 + 6*x**3 - 35*x. Give k(4).
-6
Suppose 7*v - 9 - 19 = 0. Su